 + 80, 0 = -f - 0*f + 3*b + 24. Suppose f*j + 3*j = 8295. What is the hundreds digit of j?
5
Let y = 10 + 2. Let u be -1 + 4/((-16)/y). What is the tens digit of ((-9)/6 - (2 + u))*58?
2
Let h(y) = 136*y + 11. Suppose -20 = 5*f + 5, -q - 3*f - 13 = 0. What is the hundreds digit of h(q)?
2
Let w(p) = -p**2 - 38*p + 180. Let l be w(-42). Suppose l*a = 32*a - 6100. What is the tens digit of a?
0
Suppose -4*f - 2389 = -30701. What is the tens digit of f?
7
Let z be 30/(0/(-2) - -1). Let v = -22 + z. What is the units digit of (-464)/(-10) - v/20?
6
Let b = 252 - 248. Let p be (-24)/(-9) - (-4)/12. Suppose p*x - b*x = -50. What is the tens digit of x?
5
Let u(b) = -b**2 - 10*b + 6. Let j(o) = -3*o**2 + 3. Let f be j(3). Let n be 8/f - 23/3. What is the units digit of u(n)?
2
Suppose -41*o - 6*o + 1876896 = -222218. What is the thousands digit of o?
4
Suppose 0 = 4*l, 23*l = 2*f + 28*l - 12952. What is the units digit of f?
6
Let l(z) = -z**3 - 12*z**2 - 30 - 22 + 40 + 11*z. Let g be l(-13). Suppose -12*u + g*u - 162 = 0. What is the tens digit of u?
8
Suppose -47*w - 707685 = -102*w. What is the hundreds digit of w?
8
Let c = 18 - 18. Let i be (c - (-4)/(-3))*-162. Suppose 4*r + i = 7*r. What is the units digit of r?
2
What is the tens digit of (3 - (-144)/(-20))/(3/(-705))?
8
Suppose 81*s = 471085 + 210125. What is the hundreds digit of s?
4
Let d(s) be the first derivative of 15*s**2/2 - 16*s - 18. Let k be d(5). Let a = 73 - k. What is the tens digit of a?
1
Suppose 4*d - 101 + 85 = 0. Suppose -1346 = -d*a + y, -5*a - 2*y = -4*y - 1681. What is the tens digit of a?
3
Let p = -5431 - -8766. Suppose 5*m - 5*q = p, 61*m + 1316 = 63*m + 4*q. What is the hundreds digit of m?
6
Suppose 0 = t - 19 + 12. Suppose -t*z = -z. Suppose 4*b + b - 110 = z. What is the tens digit of b?
2
Suppose -6*r + 53264 - 40516 + 71594 = 0. What is the ten thousands digit of r?
1
Let w(m) = 38*m + 1420. What is the units digit of w(71)?
8
Let a(d) = 2*d**2 - 24*d + 42. Let l be a(16). Let o = l + -140. What is the tens digit of o?
3
Let h = 87339 + -57498. What is the tens digit of h?
4
Let y = 24 - 24. Suppose 7*t = -y*t + 385. Suppose 9*d = 4*d + t. What is the units digit of d?
1
Suppose 5*k - 6 = 9. Suppose 2*v + 3*u - 18 = -3*v, k*v - 12 = -3*u. Suppose v*m - 9 = 99. What is the units digit of m?
6
Suppose -5*u + 1639 - 270 = 4*f, 0 = -f + 5*u + 361. Suppose -h + f - 3 = 0. Suppose -o + h = 6*o. What is the units digit of o?
9
Let k be (-25)/(-15) + 8/6. Let w(h) = 45*h + h**3 + 25*h + 35 - 2*h**k - 22*h - 23*h**2. What is the units digit of w(-25)?
5
Let o(q) = -117*q - 24. Let g(n) = -2*n**3 + 12*n**2 - 4*n + 21. Let w be g(6). What is the tens digit of o(w)?
2
Let n be 7/(-3)*(-12)/4. Let w(u) = 140*u - 30. What is the units digit of w(n)?
0
Suppose 2*j - 8 = 2. Suppose -4*a + j*a - 11 = 0. Suppose 14*h - 45 = a*h. What is the units digit of h?
5
Let o be (-1 + 7)*(-228)/(-36). Suppose -o*p + 2562 = -4506. What is the tens digit of p?
8
Suppose 5*y = -1580 + 4340. Suppose -3*i = 2*k - 39, 5*i - 7 = 8. Suppose -3*o - y = -k*o. What is the tens digit of o?
4
Suppose 2*g - 12*h = -16*h + 89064, -133590 = -3*g - 4*h. What is the thousands digit of g?
4
Let l(k) = -9*k + 26. Let q be l(2). Suppose -5*m + 7 + q = 0, 2*b - 570 = -4*m. What is the tens digit of b?
7
Let m be (1/6)/(-1) + 644475/234. Suppose -54*l + 51*l = -m. What is the tens digit of l?
1
Let j(a) = a**3 + 15*a**2 - 34*a + 3. Let o be j(-17). What is the hundreds digit of 1430/o - (-14)/(-21)?
4
Let r(a) be the third derivative of 9*a**5/20 + 11*a**4/8 - a**3/3 + 124*a**2. What is the tens digit of r(2)?
7
Suppose 2*d - 2*y = -440 + 74, 4*d + 4*y + 692 = 0. Let h = d - -287. What is the units digit of h?
9
Suppose 79*a + 16*a - 1000805 = 6478735. What is the ten thousands digit of a?
7
Let x be 4/34 - (-702)/102. Suppose -x*v + 1178 + 96 = 0. What is the units digit of v?
2
Suppose 32*g - 453164 = 265972. What is the thousands digit of g?
2
What is the units digit of (82/205)/((-6)/(-37095))?
3
Let v(x) = x**3 + 7*x**2 - 9*x - 5. Let d be v(-8). Suppose -321 = -d*u + 3*c, -c - 42 + 343 = 3*u. Let t = u + -89. What is the tens digit of t?
1
Suppose -p + 619 = -401. Suppose -2*o = -3*g + p, 0*g + g - 340 = -5*o. What is the tens digit of g?
4
Let x(s) = -24*s - 4. Let t be x(2). Let u = t + 55. Suppose 0 = u*w - w - 328. What is the units digit of w?
4
What is the hundreds digit of (-6 + 1360 + 1)*10/25?
5
Let r(z) = -2*z**3 + 3*z**2 - 3*z - 30. Let q be (-124)/20 + (-3)/45*-3. What is the units digit of r(q)?
8
Let a(k) = -17*k - 12. Suppose 15 = 3*d, z - d = 4*z - 179. Suppose -3*p - z = -22. What is the hundreds digit of a(p)?
1
Let d(a) be the first derivative of -49*a**4/4 + 2*a**3/3 + a**2/2 - 2*a - 1. Let r be ((-5 - -8) + -5)/(0 + 2). What is the units digit of d(r)?
8
Let z(p) = -16*p + 1. Let x be z(6). Let v = -688 + 472. Let t = x - v. What is the units digit of t?
1
Suppose -5*o - 33 = -4133. Let l = o - 541. Let a = l + -188. What is the tens digit of a?
9
What is the units digit of 8/10 - ((-1460020)/50)/2 - -4?
5
Suppose 0 = 29*z + 23 - 168. Suppose 30*c - 15400 = -z*c. What is the units digit of c?
0
Suppose -3*l - 2*l = -o + 10, -o - l = 2. Suppose 3*h - 5593 = -4*w, 2*h + 0*w - 3*w - 3757 = o. What is the tens digit of h?
7
Let w = -150 - -52. Let s = 156 - w. What is the hundreds digit of s?
2
Let z(t) = -4129*t - 924. What is the tens digit of z(-4)?
9
Let b(o) = -o**3 + 17*o**2 + 16*o + 39. Let q be b(18). What is the hundreds digit of 1/q*(5 + -4 + 1526)?
5
Let n be ((-786)/9)/((-1)/(-3)). Let f = -134 - n. Suppose f = g + 39. What is the units digit of g?
9
Suppose -66*g + 68 - 199 = -5741. Let y = 76 - -28. Let k = y - g. What is the units digit of k?
9
Let j(c) = 866*c - 600. What is the tens digit of j(7)?
6
Suppose -27967 - 35056 = -2*f + p, -2*p - 2 = 0. What is the thousands digit of f?
1
Suppose 0 = 4*y - 508 + 528. Let f(c) = -4*c**3 - 8*c**2 - 8*c - 9. What is the tens digit of f(y)?
3
Let d(w) = -w**3 + 5*w**2 - 8. Let g be d(6). Let x = g + 42. What is the units digit of (-78)/(-1) + (-8)/x?
2
Let o(w) = 6*w**2 - 2*w - 2. Let h be o(-2). Suppose 2 = -6*r + h. What is the tens digit of 0 + 26 + r/1?
3
Let i(x) = x**3 + 52*x**2 + 54*x - 52. Let j be i(-51). Let z = -799 + 464. Let u = j - z. What is the units digit of u?
0
Let y(z) = 46*z**2 + 68*z - 54. What is the hundreds digit of y(-17)?
0
Let k be (56/(-10))/(3/(-165)). Let a = 221 + -426. Let m = k + a. What is the tens digit of m?
0
Let z(j) = 5458*j**3 - j**2 - 5*j + 8. What is the tens digit of z(1)?
6
Suppose -6591468 = -1237*w + 1051*w. What is the ten thousands digit of w?
3
Let h(x) = -9*x - 280. Let n be h(-32). Let b be 8/6*(3 - -21). What is the tens digit of n - 12 - b*-3?
9
Suppose -15553 = -2*v - 27*p + 30*p, 5 = -5*p. What is the tens digit of v?
7
Let z = 8274 - 5204. What is the units digit of z?
0
Let t = 102 - -212. Let p = 1799 - t. What is the tens digit of p?
8
What is the ten thousands digit of (-1 - 0)*-1 - (-21181 + -230)?
2
Suppose 0 = 308*t - 55*t - 10259909. What is the hundreds digit of t?
5
Suppose 5*m - 25 = -5*z, -4*m + m = 5*z - 15. Let w(v) = 19*v + 668. What is the units digit of w(z)?
8
Let w(m) = 25*m**2 + 11*m + 30. Let u be w(-4). Suppose u + 668 = b. What is the thousands digit of b?
1
Let y(n) = 2*n + 38*n**2 + 3*n - n + 0*n + 4. Let t(g) = 23*g - 139. Let j be t(6). What is the units digit of y(j)?
8
Let r be 4/(4 - 0) - (-6)/1. Suppose r*a - 244 = 22. Let f = a + 54. What is the tens digit of f?
9
Suppose 263 = u - 7. Suppose 4*j - 62 = u. Suppose -2*h + 5 = -j. What is the tens digit of h?
4
Suppose -4*w + 9 = 5*m, m - 3*w + 1 = -1. Let j be (-1614)/(-3) - 1*2*m. Suppose -3*v = 5*v - j. What is the tens digit of v?
6
Let d(f) = -f**3 + 64*f**2 - 84*f + 52. What is the units digit of d(61)?
1
Suppose 4*s - 7*s + 5*b = 398, b = 2*s + 256. Let g = -126 - s. Let i(j) = j**2 + 2*j + 148. What is the units digit of i(g)?
8
Suppose -5*b + 260 = -5*k, -k - 119 = -2*b - 4*k. Suppose -15 = -z + 2*a, -z - a - b = -4*z. What is the units digit of z?
9
Let z be 4/(-6) - (-140)/30. What is the units digit of z - ((-1000)/4 - -4)?
0
Let q be -3 + (1 - -6) + 1. Suppose q*f = 7*f - 2. Let